6/w)?
3
Let a be 3/(6/576*18). Suppose 0 = 4*y - 2*y - 104. Let p = y - a. What is the tens digit of p?
3
Let s(t) be the third derivative of -t**3 + 0*t - 17/12*t**4 + 10*t**2 + 0. What is the tens digit of s(-3)?
9
Let q = -292 + 310. Suppose -10*w + q*w = 320. What is the units digit of w?
0
Suppose 2840 = 4*o - 12*o. Let i = 1262 + o. What is the units digit of i?
7
Let h be ((-3)/(-2) - -1)*22. Let f = -28 + h. Let p = 85 - f. What is the units digit of p?
8
Let x = -4298 + 4470. What is the hundreds digit of x?
1
Let f(s) = -s**2 + 40*s + 25900. What is the ten thousands digit of f(0)?
2
What is the tens digit of 3/14 + (-13414839)/(-602)?
8
Suppose 0 = 72*r - 76*r - 4. What is the units digit of (-3)/3 + 3 - 889*r?
1
Suppose -3*c = 15, 50*l - 4*c + 53551 = 53*l. What is the ten thousands digit of l?
1
Suppose -8*i + 941 = -d, i - d = 4*d + 142. Suppose -3*w = w - 268. Suppose 4*f - i = -j, -j = -3*f - 71 - w. What is the hundreds digit of j?
1
Suppose 0 = -5*p + 58*c - 53*c + 60565, -2*c + 2 = 0. What is the ten thousands digit of p?
1
Suppose -4*q - q = 15, -x - 5*q + 52 = 0. Let f = x + -58. Suppose -f*v + 5*v + 128 = 0. What is the tens digit of v?
3
Let a(n) = -125 - 58*n + 78 - 6*n. What is the units digit of a(-10)?
3
What is the units digit of 5/(-105) + 6260728/399 - -5?
6
Suppose 31*y = 49*y. Let g(i) = -4*i + 324. What is the tens digit of g(y)?
2
Suppose 5977*s - 5970*s - 36274 = 0. What is the hundreds digit of s?
1
Let g = 14954 + -7555. What is the hundreds digit of g?
3
Suppose -w - w - 2*b + 72 = 0, 180 = 4*w - 5*b. Let n(f) = f**3 - 40*f**2 + 18*f - 51. What is the tens digit of n(w)?
6
Let n(q) = -24*q + 255. Let i be n(0). Let u = i + 1. What is the hundreds digit of u?
2
Let h(j) = 54*j**2 - 5*j. Let q be (18/(-35) + (-2)/7)*10. Let m(u) = -163*u**2 + 14*u. Let a(n) = q*h(n) - 3*m(n). What is the units digit of a(1)?
5
Let i(q) = -163*q - 2549. What is the ten thousands digit of i(-98)?
1
Suppose 4*h - 17 = 5*s - 53, -2*h - s = 4. Let a(t) = -t**3 + 13*t**2 - 3*t + 247. Let c be a(14). What is the units digit of -2*c/h - 1/(-2)?
5
Let x = 13 + -10. Suppose 2*q - 6 = -x*j, -7*q - j = -4*q - 2. Suppose -3 + 6 = -d, q = 2*u + 3*d + 1. What is the units digit of u?
4
Let o = -194 + 93. Let r = o - -103. Suppose r*m - 1096 = -6*m. What is the units digit of m?
7
Let z(g) = -3*g + 2. Let v be z(-1). Suppose -v*l - 545 = -j, -2*j - 5*l = 3*j - 2695. What is the tens digit of j?
4
Let o(h) = -9*h**3 - 5*h**2 - 15*h - 2. Let x be o(-2). Suppose u + 4*q - 482 = x, 2*q = -5*u + 2828. What is the hundreds digit of u?
5
Let s be (8/(-3))/(14/42). Let x(r) = -r**3 - 9*r**2 - 18. Let t be x(s). Let q = t - -320. What is the tens digit of q?
3
Let n(i) = -i**3 + 14*i**2 + 5*i - 2. Let v be (0/(0 - 1))/(-1). Suppose v = -11*b + 9*b + 28. What is the tens digit of n(b)?
6
Let d be ((-50)/24 - 12/48)*-477. Suppose 5*g = 4*i + 72 - d, 3*g = i - 269. What is the hundreds digit of i?
2
Let c(u) = -4*u**3 - 44*u**2 - 33*u - 58. Let x(l) = l**3 + l**2 - l + 1. Let z(q) = c(q) + 5*x(q). What is the tens digit of z(40)?
2
Suppose 0 = -y - 5*t, -3*y = -5*t + 9 + 11. Let g(q) = -26*q - 127 - 132 + 241. What is the hundreds digit of g(y)?
1
Let i = -34 + 35. Let k be (2 - -7 - 3) + i + -4. Suppose -4*c + 4 = -4*w, c - 5 = -k*w + 8. What is the units digit of w?
3
Let o be (-1)/(6/12)*9/(-2). Suppose o*u = 7165 - 2485. Suppose u = 16*z - 11*z. What is the units digit of z?
4
Suppose 163 = -2*q + 3*k - 0*k, -316 = 4*q + 4*k. Let i = 54 - -7. Let s = i - q. What is the units digit of s?
1
Let c = -18 - -19. Let m(i) = 655*i**2 - i - 1. Let t be m(c). Suppose 3*o + 2*o + l = t, 2*l = 6. What is the hundreds digit of o?
1
Suppose x + 1268 = -3*x. Let z be (2 + -1 + -4)*x/(-3). Let w = -153 - z. What is the hundreds digit of w?
1
Suppose t - 2*g - 567 = 0, -3*t = 2*g - 5*g - 1701. Suppose -75*z = -68*z - t. What is the tens digit of z?
8
Suppose -286*c + 287*c - 12423 = -r, 13*c - 161477 = -2*r. What is the ten thousands digit of c?
1
Let q(a) = -11*a + 13. Let p be q(-5). Suppose -p*v + 9680 = -58*v. What is the hundreds digit of v?
9
Let l be 2/((-4)/56*-7). Let u(k) = k**3 - k + 8. Let g be u(0). Suppose -g*z = -l*z - 100. What is the tens digit of z?
2
Suppose 7*j + 15*w - 318846 = 11*w, 0 = 5*j - 2*w - 227786. What is the hundreds digit of j?
5
Suppose -12*u + 3*s = -7*u - 139315, -4*u + 111425 = 3*s. What is the hundreds digit of u/91 + (-9)/((-468)/(-8))?
3
Suppose 227580 = 44*d - 11*d + 27*d. What is the units digit of d?
3
Let t(s) = -7*s**2 - 676*s + 68. What is the hundreds digit of t(-79)?
7
Let p(g) = 2650*g - 2599. What is the tens digit of p(17)?
5
Suppose -4*o + 354 = -282. Suppose -o - 78 = -3*i. What is the tens digit of i?
7
Let r(a) = a**2 - 4*a + 6. Let b be r(0). Suppose 0 = -21*t + 23*t. Suppose t = b*q - 9*q + 369. What is the hundreds digit of q?
1
Let n = -1601 + 4195. What is the thousands digit of n?
2
Let u = 41 + -21. Suppose -4*i = 2*d - 19 - 3, 2*i = -4*d + u. Suppose 176 = i*a - 152. What is the units digit of a?
2
What is the tens digit of (15 - 0) + (411 - 2)?
2
Suppose 2*f - 8 = t, 4*f = 3*t + 12 + 8. Suppose -f*k - 4*z = -28, -5*k - 8*z = -6*z - 30. What is the units digit of k?
4
Let b be (-6)/(-4) + 6/12. Suppose 0 = -3*l + 2*t + 374, -4*l - 5*t + 559 = 45. Suppose b*v = -v + l. What is the tens digit of v?
4
Let z(k) be the first derivative of k**4/4 + 6*k**3 + 31*k**2/2 - 41*k + 110. What is the tens digit of z(-14)?
0
Let t = 34404 + 26220. What is the hundreds digit of t?
6
Let h = -30866 - -47155. What is the tens digit of h?
8
Suppose -467 = 6*c + 2203. Let h = c + 1066. What is the hundreds digit of h?
6
Let q(m) = 229 - 49 + 95 - 204*m + 201*m. Let v be q(0). Suppose -375 = -4*k + 2*i + v, 145 = k + 3*i. What is the hundreds digit of k?
1
Suppose 187578 = -50*u + 56*u. What is the units digit of u?
3
Let h(b) = -4*b - 23. Let l be h(-7). Suppose l*v - 2*y + 0*y - 655 = 0, -3*v + 407 = -4*y. Let w = v + -90. What is the units digit of w?
9
Let n be (-1)/(-4) + (-26853)/(-12). Suppose x = 4*v - 3083, -5*v + 2*x = -1618 - n. Suppose 4*s + 2*k = v, -5*s + k = 5*k - 955. What is the tens digit of s?
9
Let j(n) = n**2 + 8*n + 18. Let b be j(-9). What is the hundreds digit of (-2770)/(-15) - 3/(b/6)?
1
Let m = 174628 - 99926. What is the tens digit of m?
0
Let x(d) = -3*d**2 - 15*d - 97. Let l be x(-5). Let g = l + 449. What is the units digit of g?
2
Let h(r) be the third derivative of 0*r - 1/120*r**6 - 1/12*r**4 - 1/60*r**5 + 0 + 23*r**2 + 7/3*r**3. What is the tens digit of h(0)?
1
Let j = 37071 - -10595. What is the units digit of j?
6
Suppose 6*h = -89 - 301. What is the units digit of (0 - 7)*h - (74 + -73)?
4
Suppose 2*u = 7*u + 15. Let z be -3 + u + 0 - 0/1. What is the tens digit of z/6*(-144)/2?
7
Let l(b) = -b**2 + 25*b - 12. Let x be (-3 - (-15 - -4))*1. What is the tens digit of l(x)?
2
Let s be (-100 - (-7 - -12))/((-2)/38). Suppose 5*m + 560 = s. What is the tens digit of m?
8
What is the tens digit of (-7202)/(-277) - (-27244 - -1)?
6
Let w(b) = -3*b + 49. Let y be w(7). Suppose -10*r + 24*r = y. What is the units digit of r?
2
Let t = 4740 + -3336. Let g = t + -870. What is the units digit of g?
4
Suppose 2*b + 4*i - 3398 = 0, -3*b - 5*i + 3584 = -1516. What is the hundreds digit of b?
7
Let h = -14751 - -21660. What is the tens digit of h?
0
Let r = -10870 - -24875. What is the units digit of r?
5
Let s(d) = d - 4. Let b be s(5). What is the units digit of (4/((b + -2)/(-1)))/2?
2
Let v = -4086 + 14513. What is the thousands digit of v?
0
Let b(m) = 27*m - 97. Let z be b(17). Suppose -4*r + 1034 = 4*l - z, -r = -3*l + 1067. What is the tens digit of l?
5
Let d be 2/4*(3 - 3). Suppose d*k = -k. Suppose k = f + 2*f - 357. What is the tens digit of f?
1
Suppose -11*d + 7371 = -10*d + 2*q, 0 = -4*d + 3*q + 29484. What is the tens digit of d?
7
Let t be (-165)/(-135) - 1/((-18)/(-4)). Let z be 0*1*(t - 2) - -1. What is the tens digit of -3*((-7)/3 - z)?
1
What is the tens digit of ((-45)/(-4))/(13/4992)?
2
Let d(f) = 7*f - 31. Let r be d(11). Let j = r - -368. What is the tens digit of j?
1
Suppose 910*g = 930*g - 43640. What is the units digit of g?
2
What is the units digit of 495 + (-4)/((-